{"id":805,"date":"2022-08-20T09:11:56","date_gmt":"2022-08-20T09:11:56","guid":{"rendered":"http:\/\/grupodmh.es\/?page_id=805"},"modified":"2023-02-18T23:46:27","modified_gmt":"2023-02-18T23:46:27","slug":"reformas-de-pasillos","status":"publish","type":"page","link":"https:\/\/grupodmh.es\/fr\/reformes-des-corridors\/","title":{"rendered":"R\u00e9formes du corridor"},"content":{"rendered":"<div data-elementor-type=\"wp-page\" data-elementor-id=\"805\" class=\"elementor elementor-805\" data-elementor-post-type=\"page\">\n\t\t\t\t\t\t<section class=\"elementor-section elementor-top-section elementor-element elementor-element-aa7631e elementor-section-boxed elementor-section-height-default elementor-section-height-default\" data-id=\"aa7631e\" data-element_type=\"section\" data-e-type=\"section\">\n\t\t\t\t\t\t<div class=\"elementor-container elementor-column-gap-default\">\n\t\t\t\t\t<div class=\"elementor-column elementor-col-100 elementor-top-column elementor-element elementor-element-18068f5\" data-id=\"18068f5\" data-element_type=\"column\" data-e-type=\"column\">\n\t\t\t<div class=\"elementor-widget-wrap elementor-element-populated\">\n\t\t\t\t\t\t<div class=\"elementor-element elementor-element-e9b7dcf elementor-widget elementor-widget-text-editor\" data-id=\"e9b7dcf\" data-element_type=\"widget\" data-e-type=\"widget\" data-widget_type=\"text-editor.default\">\n\t\t\t\t<div class=\"elementor-widget-container\">\n\t\t\t\t\t\t\t\t\t<p>Bienvenue dans le monde de la r\u00e9novation compl\u00e8te d&#039;appartements \u00e0 Valence ! Si vous envisagez de r\u00e9former votre maison, vous \u00eates au bon endroit. Dans notre \u00e9quipe, nous avons les meilleurs professionnels dans le domaine de la r\u00e9forme compl\u00e8te des appartements \u00e0 Valence. De la conception \u00e0 l&#039;ex\u00e9cution, nous vous fournirons un service complet et personnalis\u00e9 pour r\u00e9aliser vos r\u00eaves.<\/p><p>Chez nous, nous comprenons que votre maison est votre sanctuaire, un espace o\u00f9 vous vous sentez \u00e0 l&#039;aise et \u00e0 l&#039;aise. Pour cette raison, nous travaillons avec vous \u00e0 chaque \u00e9tape du processus pour nous assurer que le r\u00e9sultat final r\u00e9ponde \u00e0 toutes vos attentes et besoins.<\/p><p>Nous nous sp\u00e9cialisons dans la cr\u00e9ation d&#039;espaces fonctionnels et esth\u00e9tiques qui correspondent \u00e0 votre style de vie. Gr\u00e2ce \u00e0 notre exp\u00e9rience dans la r\u00e9novation d&#039;appartements \u00e0 Valence, nous pouvons vous aider \u00e0 cr\u00e9er un espace accueillant et confortable, avec des finitions de haute qualit\u00e9 et une attention exceptionnelle aux d\u00e9tails.<\/p><p>Notre \u00e9quipe est \u00e0 votre disposition pour vous proposer des solutions personnalis\u00e9es pour la r\u00e9forme compl\u00e8te de votre appartement \u00e0 Valence. De la planification \u00e0 l&#039;ex\u00e9cution, nous vous offrons des conseils d&#039;experts, des mat\u00e9riaux de qualit\u00e9 et un service exceptionnel.<\/p><p>N&#039;h\u00e9sitez pas \u00e0 nous contacter pour discuter de vos besoins et d\u00e9couvrir comment nous pouvons vous aider \u00e0 transformer votre maison en un espace qui refl\u00e8te votre personnalit\u00e9 et votre style de vie. Nous sommes impatients de travailler avec vous!<\/p>\t\t\t\t\t\t\t\t<\/div>\n\t\t\t\t<\/div>\n\t\t\t\t\t<\/div>\n\t\t<\/div>\n\t\t\t\t\t<\/div>\n\t\t<\/section>\n\t\t\t\t<section class=\"elementor-section elementor-top-section elementor-element elementor-element-bc8887d elementor-section-full_width elementor-section-height-default elementor-section-height-default\" data-id=\"bc8887d\" data-element_type=\"section\" data-e-type=\"section\">\n\t\t\t\t\t\t<div class=\"elementor-container elementor-column-gap-default\">\n\t\t\t\t\t<div class=\"elementor-column elementor-col-100 elementor-top-column elementor-element elementor-element-a146a14\" data-id=\"a146a14\" data-element_type=\"column\" data-e-type=\"column\">\n\t\t\t<div class=\"elementor-widget-wrap elementor-element-populated\">\n\t\t\t\t\t\t<div class=\"elementor-element elementor-element-66ddfcf elementor-widget elementor-widget-gallery\" data-id=\"66ddfcf\" data-element_type=\"widget\" data-e-type=\"widget\" data-settings=\"{&quot;gap&quot;:{&quot;unit&quot;:&quot;px&quot;,&quot;size&quot;:20,&quot;sizes&quot;:[]},&quot;aspect_ratio&quot;:&quot;4:3&quot;,&quot;lazyload&quot;:&quot;yes&quot;,&quot;gallery_layout&quot;:&quot;grid&quot;,&quot;columns&quot;:4,&quot;columns_tablet&quot;:2,&quot;columns_mobile&quot;:1,&quot;gap_tablet&quot;:{&quot;unit&quot;:&quot;px&quot;,&quot;size&quot;:10,&quot;sizes&quot;:[]},&quot;gap_mobile&quot;:{&quot;unit&quot;:&quot;px&quot;,&quot;size&quot;:10,&quot;sizes&quot;:[]},&quot;link_to&quot;:&quot;file&quot;,&quot;content_hover_animation&quot;:&quot;fade-in&quot;}\" data-widget_type=\"gallery.default\">\n\t\t\t\t<div class=\"elementor-widget-container\">\n\t\t\t\t\t\t\t<div class=\"elementor-gallery__container\">\n\t\t\t\t\t\t\t<a class=\"e-gallery-item elementor-gallery-item elementor-animated-content\" href=\"https:\/\/grupodmh.es\/wp-content\/uploads\/2022\/08\/Reformas-de-pasillos-en-Valencia.jpg\" data-elementor-open-lightbox=\"yes\" data-elementor-lightbox-slideshow=\"66ddfcf\" data-e-action-hash=\"#elementor-action%3Aaction%3Dlightbox%26settings%3DeyJpZCI6MjUyLCJ1cmwiOiJodHRwczpcL1wvZ3J1cG9kbWguZXNcL3dwLWNvbnRlbnRcL3VwbG9hZHNcLzIwMjJcLzA4XC9SZWZvcm1hcy1kZS1wYXNpbGxvcy1lbi1WYWxlbmNpYS5qcGciLCJzbGlkZXNob3ciOiI2NmRkZmNmIn0%3D\">\n\t\t\t\t\t<div class=\"e-gallery-image elementor-gallery-item__image\" data-thumbnail=\"https:\/\/grupodmh.es\/wp-content\/uploads\/2022\/08\/Reformas-de-pasillos-en-Valencia.jpg\" data-width=\"700\" data-height=\"400\" aria-label=\"R\u00e9formes des couloirs \u00e0 Valence\" role=\"img\" ><\/div>\n\t\t\t\t\t\t\t\t\t\t\t\t\t\t<\/a>\n\t\t\t\t\t\t\t<a class=\"e-gallery-item elementor-gallery-item elementor-animated-content\" href=\"https:\/\/grupodmh.es\/wp-content\/uploads\/2022\/08\/Reformas-de-pasillos-3.jpeg\" data-elementor-open-lightbox=\"yes\" data-elementor-lightbox-slideshow=\"66ddfcf\" data-e-action-hash=\"#elementor-action%3Aaction%3Dlightbox%26settings%3DeyJpZCI6ODU2LCJ1cmwiOiJodHRwczpcL1wvZ3J1cG9kbWguZXNcL3dwLWNvbnRlbnRcL3VwbG9hZHNcLzIwMjJcLzA4XC9SZWZvcm1hcy1kZS1wYXNpbGxvcy0zLmpwZWciLCJzbGlkZXNob3ciOiI2NmRkZmNmIn0%3D\">\n\t\t\t\t\t<div class=\"e-gallery-image elementor-gallery-item__image\" data-thumbnail=\"https:\/\/grupodmh.es\/wp-content\/uploads\/2022\/08\/Reformas-de-pasillos-3.jpeg\" data-width=\"1125\" data-height=\"750\" aria-label=\"R\u00e9formes des couloirs \u00e0 Valence\" role=\"img\" ><\/div>\n\t\t\t\t\t\t\t\t\t\t\t\t\t\t<\/a>\n\t\t\t\t\t\t\t<a class=\"e-gallery-item elementor-gallery-item elementor-animated-content\" href=\"https:\/\/grupodmh.es\/wp-content\/uploads\/2022\/08\/Reformas-de-pasillos-1.jpeg\" data-elementor-open-lightbox=\"yes\" data-elementor-lightbox-slideshow=\"66ddfcf\" data-e-action-hash=\"#elementor-action%3Aaction%3Dlightbox%26settings%3DeyJpZCI6ODU0LCJ1cmwiOiJodHRwczpcL1wvZ3J1cG9kbWguZXNcL3dwLWNvbnRlbnRcL3VwbG9hZHNcLzIwMjJcLzA4XC9SZWZvcm1hcy1kZS1wYXNpbGxvcy0xLmpwZWciLCJzbGlkZXNob3ciOiI2NmRkZmNmIn0%3D\">\n\t\t\t\t\t<div class=\"e-gallery-image elementor-gallery-item__image\" data-thumbnail=\"https:\/\/grupodmh.es\/wp-content\/uploads\/2022\/08\/Reformas-de-pasillos-1.jpeg\" data-width=\"1124\" data-height=\"750\" aria-label=\"R\u00e9formes des couloirs \u00e0 Valence\" role=\"img\" ><\/div>\n\t\t\t\t\t\t\t\t\t\t\t\t\t\t<\/a>\n\t\t\t\t\t\t\t<a class=\"e-gallery-item elementor-gallery-item elementor-animated-content\" href=\"https:\/\/grupodmh.es\/wp-content\/uploads\/2022\/08\/Reformas-de-pasillos-2.jpeg\" data-elementor-open-lightbox=\"yes\" data-elementor-lightbox-slideshow=\"66ddfcf\" data-e-action-hash=\"#elementor-action%3Aaction%3Dlightbox%26settings%3DeyJpZCI6ODU1LCJ1cmwiOiJodHRwczpcL1wvZ3J1cG9kbWguZXNcL3dwLWNvbnRlbnRcL3VwbG9hZHNcLzIwMjJcLzA4XC9SZWZvcm1hcy1kZS1wYXNpbGxvcy0yLmpwZWciLCJzbGlkZXNob3ciOiI2NmRkZmNmIn0%3D\">\n\t\t\t\t\t<div class=\"e-gallery-image elementor-gallery-item__image\" data-thumbnail=\"https:\/\/grupodmh.es\/wp-content\/uploads\/2022\/08\/Reformas-de-pasillos-2.jpeg\" data-width=\"1124\" data-height=\"750\" aria-label=\"R\u00e9formes des couloirs \u00e0 Valence\" role=\"img\" ><\/div>\n\t\t\t\t\t\t\t\t\t\t\t\t\t\t<\/a>\n\t\t\t\t\t<\/div>\n\t\t\t\t\t<\/div>\n\t\t\t\t<\/div>\n\t\t\t\t\t<\/div>\n\t\t<\/div>\n\t\t\t\t\t<\/div>\n\t\t<\/section>\n\t\t\t\t<\/div>","protected":false},"excerpt":{"rendered":"<p>\u00a1Bienvenido al mundo de la reforma integral de pisos en Valencia! Si est\u00e1s pensando en reformar tu hogar, est\u00e1s en el lugar correcto. En nuestro equipo, contamos con los mejores profesionales en el campo de la reforma integral de pisos en Valencia. Desde el dise\u00f1o hasta la ejecuci\u00f3n, te proporcionaremos un servicio completo y personalizado [&hellip;]<\/p>","protected":false},"author":1,"featured_media":858,"parent":0,"menu_order":0,"comment_status":"closed","ping_status":"closed","template":"","meta":{"_acf_changed":false,"footnotes":""},"class_list":["post-805","page","type-page","status-publish","has-post-thumbnail","hentry"],"acf":[],"_links":{"self":[{"href":"https:\/\/grupodmh.es\/fr\/wp-json\/wp\/v2\/pages\/805","targetHints":{"allow":["GET"]}}],"collection":[{"href":"https:\/\/grupodmh.es\/fr\/wp-json\/wp\/v2\/pages"}],"about":[{"href":"https:\/\/grupodmh.es\/fr\/wp-json\/wp\/v2\/types\/page"}],"author":[{"embeddable":true,"href":"https:\/\/grupodmh.es\/fr\/wp-json\/wp\/v2\/users\/1"}],"replies":[{"embeddable":true,"href":"https:\/\/grupodmh.es\/fr\/wp-json\/wp\/v2\/comments?post=805"}],"version-history":[{"count":21,"href":"https:\/\/grupodmh.es\/fr\/wp-json\/wp\/v2\/pages\/805\/revisions"}],"predecessor-version":[{"id":1210,"href":"https:\/\/grupodmh.es\/fr\/wp-json\/wp\/v2\/pages\/805\/revisions\/1210"}],"wp:featuredmedia":[{"embeddable":true,"href":"https:\/\/grupodmh.es\/fr\/wp-json\/wp\/v2\/media\/858"}],"wp:attachment":[{"href":"https:\/\/grupodmh.es\/fr\/wp-json\/wp\/v2\/media?parent=805"}],"curies":[{"name":"wp","href":"https:\/\/api.w.org\/{rel}","templated":true}]}}

Réformes du corridor

<div data-elementor-type="wp-page" data-elementor-id="805" class="elementor elementor-805" data-elementor-post-type="page">
						<section class="elementor-section elementor-top-section elementor-element elementor-element-aa7631e elementor-section-boxed elementor-section-height-default elementor-section-height-default" data-id="aa7631e" data-element_type="section" data-e-type="section">
						<div class="elementor-container elementor-column-gap-default">
					<div class="elementor-column elementor-col-100 elementor-top-column elementor-element elementor-element-18068f5" data-id="18068f5" data-element_type="column" data-e-type="column">
			<div class="elementor-widget-wrap elementor-element-populated">
						<div class="elementor-element elementor-element-e9b7dcf elementor-widget elementor-widget-text-editor" data-id="e9b7dcf" data-element_type="widget" data-e-type="widget" data-widget_type="text-editor.default">
				<div class="elementor-widget-container">
									<p>Bienvenue dans le monde de la rénovation complète d&#039;appartements à Valence ! Si vous envisagez de réformer votre maison, vous êtes au bon endroit. Dans notre équipe, nous avons les meilleurs professionnels dans le domaine de la réforme complète des appartements à Valence. De la conception à l&#039;exécution, nous vous fournirons un service complet et personnalisé pour réaliser vos rêves.</p><p>Chez nous, nous comprenons que votre maison est votre sanctuaire, un espace où vous vous sentez à l&#039;aise et à l&#039;aise. Pour cette raison, nous travaillons avec vous à chaque étape du processus pour nous assurer que le résultat final réponde à toutes vos attentes et besoins.</p><p>Nous nous spécialisons dans la création d&#039;espaces fonctionnels et esthétiques qui correspondent à votre style de vie. Grâce à notre expérience dans la rénovation d&#039;appartements à Valence, nous pouvons vous aider à créer un espace accueillant et confortable, avec des finitions de haute qualité et une attention exceptionnelle aux détails.</p><p>Notre équipe est à votre disposition pour vous proposer des solutions personnalisées pour la réforme complète de votre appartement à Valence. De la planification à l&#039;exécution, nous vous offrons des conseils d&#039;experts, des matériaux de qualité et un service exceptionnel.</p><p>N&#039;hésitez pas à nous contacter pour discuter de vos besoins et découvrir comment nous pouvons vous aider à transformer votre maison en un espace qui reflète votre personnalité et votre style de vie. Nous sommes impatients de travailler avec vous!</p>								</div>
				</div>
					</div>
		</div>
					</div>
		</section>
				<section class="elementor-section elementor-top-section elementor-element elementor-element-bc8887d elementor-section-full_width elementor-section-height-default elementor-section-height-default" data-id="bc8887d" data-element_type="section" data-e-type="section">
						<div class="elementor-container elementor-column-gap-default">
					<div class="elementor-column elementor-col-100 elementor-top-column elementor-element elementor-element-a146a14" data-id="a146a14" data-element_type="column" data-e-type="column">
			<div class="elementor-widget-wrap elementor-element-populated">
						<div class="elementor-element elementor-element-66ddfcf elementor-widget elementor-widget-gallery" data-id="66ddfcf" data-element_type="widget" data-e-type="widget" data-settings="{&quot;gap&quot;:{&quot;unit&quot;:&quot;px&quot;,&quot;size&quot;:20,&quot;sizes&quot;:[]},&quot;aspect_ratio&quot;:&quot;4:3&quot;,&quot;lazyload&quot;:&quot;yes&quot;,&quot;gallery_layout&quot;:&quot;grid&quot;,&quot;columns&quot;:4,&quot;columns_tablet&quot;:2,&quot;columns_mobile&quot;:1,&quot;gap_tablet&quot;:{&quot;unit&quot;:&quot;px&quot;,&quot;size&quot;:10,&quot;sizes&quot;:[]},&quot;gap_mobile&quot;:{&quot;unit&quot;:&quot;px&quot;,&quot;size&quot;:10,&quot;sizes&quot;:[]},&quot;link_to&quot;:&quot;file&quot;,&quot;content_hover_animation&quot;:&quot;fade-in&quot;}" data-widget_type="gallery.default">
				<div class="elementor-widget-container">
							<div class="elementor-gallery__container">
							<a class="e-gallery-item elementor-gallery-item elementor-animated-content" href="https://grupodmh.es/wp-content/uploads/2022/08/Reformas-de-pasillos-en-Valencia.jpg" data-elementor-open-lightbox="yes" data-elementor-lightbox-slideshow="66ddfcf" data-e-action-hash="#elementor-action%3Aaction%3Dlightbox%26settings%3DeyJpZCI6MjUyLCJ1cmwiOiJodHRwczpcL1wvZ3J1cG9kbWguZXNcL3dwLWNvbnRlbnRcL3VwbG9hZHNcLzIwMjJcLzA4XC9SZWZvcm1hcy1kZS1wYXNpbGxvcy1lbi1WYWxlbmNpYS5qcGciLCJzbGlkZXNob3ciOiI2NmRkZmNmIn0%3D">
					<div class="e-gallery-image elementor-gallery-item__image" data-thumbnail="https://grupodmh.es/wp-content/uploads/2022/08/Reformas-de-pasillos-en-Valencia.jpg" data-width="700" data-height="400" aria-label="Réformes des couloirs à Valence" role="img" ></div>
														</a>
							<a class="e-gallery-item elementor-gallery-item elementor-animated-content" href="https://grupodmh.es/wp-content/uploads/2022/08/Reformas-de-pasillos-3.jpeg" data-elementor-open-lightbox="yes" data-elementor-lightbox-slideshow="66ddfcf" data-e-action-hash="#elementor-action%3Aaction%3Dlightbox%26settings%3DeyJpZCI6ODU2LCJ1cmwiOiJodHRwczpcL1wvZ3J1cG9kbWguZXNcL3dwLWNvbnRlbnRcL3VwbG9hZHNcLzIwMjJcLzA4XC9SZWZvcm1hcy1kZS1wYXNpbGxvcy0zLmpwZWciLCJzbGlkZXNob3ciOiI2NmRkZmNmIn0%3D">
					<div class="e-gallery-image elementor-gallery-item__image" data-thumbnail="https://grupodmh.es/wp-content/uploads/2022/08/Reformas-de-pasillos-3.jpeg" data-width="1125" data-height="750" aria-label="Réformes des couloirs à Valence" role="img" ></div>
														</a>
							<a class="e-gallery-item elementor-gallery-item elementor-animated-content" href="https://grupodmh.es/wp-content/uploads/2022/08/Reformas-de-pasillos-1.jpeg" data-elementor-open-lightbox="yes" data-elementor-lightbox-slideshow="66ddfcf" data-e-action-hash="#elementor-action%3Aaction%3Dlightbox%26settings%3DeyJpZCI6ODU0LCJ1cmwiOiJodHRwczpcL1wvZ3J1cG9kbWguZXNcL3dwLWNvbnRlbnRcL3VwbG9hZHNcLzIwMjJcLzA4XC9SZWZvcm1hcy1kZS1wYXNpbGxvcy0xLmpwZWciLCJzbGlkZXNob3ciOiI2NmRkZmNmIn0%3D">
					<div class="e-gallery-image elementor-gallery-item__image" data-thumbnail="https://grupodmh.es/wp-content/uploads/2022/08/Reformas-de-pasillos-1.jpeg" data-width="1124" data-height="750" aria-label="Réformes des couloirs à Valence" role="img" ></div>
														</a>
							<a class="e-gallery-item elementor-gallery-item elementor-animated-content" href="https://grupodmh.es/wp-content/uploads/2022/08/Reformas-de-pasillos-2.jpeg" data-elementor-open-lightbox="yes" data-elementor-lightbox-slideshow="66ddfcf" data-e-action-hash="#elementor-action%3Aaction%3Dlightbox%26settings%3DeyJpZCI6ODU1LCJ1cmwiOiJodHRwczpcL1wvZ3J1cG9kbWguZXNcL3dwLWNvbnRlbnRcL3VwbG9hZHNcLzIwMjJcLzA4XC9SZWZvcm1hcy1kZS1wYXNpbGxvcy0yLmpwZWciLCJzbGlkZXNob3ciOiI2NmRkZmNmIn0%3D">
					<div class="e-gallery-image elementor-gallery-item__image" data-thumbnail="https://grupodmh.es/wp-content/uploads/2022/08/Reformas-de-pasillos-2.jpeg" data-width="1124" data-height="750" aria-label="Réformes des couloirs à Valence" role="img" ></div>
														</a>
					</div>
					</div>
				</div>
					</div>
		</div>
					</div>
		</section>
				</div>

<p>¡Bienvenido al mundo de la reforma integral de pisos en Valencia! Si estás pensando en reformar tu hogar, estás en el lugar correcto. En nuestro equipo, contamos con los mejores profesionales en el campo de la reforma integral de pisos en Valencia. Desde el diseño hasta la ejecución, te proporcionaremos un servicio completo y personalizado [&hellip;]</p>
